 + 4 - -4)?
-2
Evaluate 5 + (7 + -2 - (24 + -11)).
-3
What is the value of 6 - (-4 + (5 - (8 + -11)))?
2
What is the value of -2 + (-1 - 3) + 7?
1
Evaluate (-1 - (-9 + 6)) + (0 - 5).
-3
(-2 - (0 - 4)) + -3
-1
Calculate (0 + 0 - (49 - 53)) + 4.
8
13 - (3 + (9 - 8))
9
4 - 2 - (-1 + (15 - 10))
-2
Evaluate 3 + -7 + -1 + 0.
-5
1 + 3 + -4 - 2
-2
Calculate (-1 - 12) + 12 + (10 - 16).
-7
What is (-3 - -3) + 2 - 3?
-1
What is 7 + -11 + 19 + -21?
-6
What is the value of 7 + -13 - -2 - -8?
4
What is the value of (-199 - -206) + (1 - (-2 + 6))?
4
Evaluate -2 + 0 + (10 - 6 - 2).
0
Calculate 0 + 2 + (0 - 2).
0
What is the value of 4 + -5 + (-5 - (-4 + -5))?
3
Evaluate (-34 - -30) + 1 + 5.
2
Calculate (-11 - -19 - 0) + -17.
-9
Calculate 1 + -12 - (-5 - 1).
-5
What is the value of (-5 - (-6 + -2)) + -5 + -4?
-6
What is 4 + (-5 - -6) + -1?
4
2 + (-4 + -1 - -8)
5
Calculate -3 - 0 - (-3 - -4 - 4).
0
What is (-3 - 2 - (-3 - -2)) + 6?
2
What is the value of 2 + (1 - 1) - (46 + -49)?
5
Calculate -10 + (8 - 1) + -3 + 3.
-3
7 - ((-12 - -33) + -13)
-1
Evaluate -6 + 6 + 6 - -1.
7
-4 - (-2 + -5) - -3 - 8
-2
Evaluate -2 + 0 - (-2 - 0).
0
What is -57 + 53 - (-10 + 1)?
5
What is 4 + 12 + -5 + -2?
9
What is 3 + 4 + -7 - (-2 + 2)?
0
What is 1 - (-3 - (-5 + 3 - -4))?
6
Calculate -3 + (-5 - -6) + (-2 - -5).
1
What is 4 + -3 + (4 - 5)?
0
Evaluate (-5 - -6) + 2 + -2.
1
What is (-2 - (3 - 8) - 5) + 3?
1
What is the value of -8 + (7 - 6) + 5?
-2
What is the value of (-1 + -5 - -5) + (1 - 0)?
0
Calculate -4 + 7 + -3 - -2.
2
Evaluate 2 - (2 - (3 + -4)).
-1
Evaluate -3 - (5 - (3 + 2)).
-3
What is the value of -3 + -2 - (1 + -8)?
2
Calculate (-7 - 1) + 7 + -5 + 1.
-5
-3 + 3 + 1 - (-6 - -3)
4
Evaluate (1 - (2 + -3)) + 7 + -4.
5
Calculate (-1 - -8) + (-3 - (10 + -12)).
6
What is (4 - 0) + -5 - (5 - 1)?
-5
What is -1 + (2 - 2) + -4 - -4?
-1
Evaluate (-1 - -2) + -8 + -1 + 5.
-3
(4 - -1) + 34 + -42
-3
-6 + (7 - (-11 - -6))
6
What is the value of 0 + 1 - (7 + -7 - 3)?
4
What is -2 - (0 + -10 - -3)?
5
Evaluate -11 + (-3 - -18) + -1.
3
What is (-2 - -2) + 1 + -1?
0
Evaluate -3 - 1 - (80 + -94).
10
Evaluate -1 - ((-4 - -2) + -6 + 11).
-4
Calculate -16 + (-5 - (-18 - -4)).
-7
Evaluate 9 + 0 + (-1 - 1 - 3).
4
What is -7 + 7 + (-1 - -1) + 0?
0
What is the value of 3 + -2 + (-7 - -3)?
-3
What is (-3 - -4 - (-1 - -2)) + 1?
1
(1 - -1) + -37 + 38
3
Evaluate 9 - (-6 - -9 - -3).
3
Calculate -3 + (0 + -2 - -1).
-4
-2 - (6 - (3 + 5))
0
What is the value of 23 - 23 - (2 - -2)?
-4
What is -2 - (3 - (-4 - -4) - 1)?
-4
Calculate 11 - (-1 - -16 - 9).
5
Calculate 6 - (10 - -4 - (-3 + 12)).
1
(9 - (23 + -3)) + 6
-5
What is the value of (-5 - -4 - -2) + -1?
0
-6 + 7 + (-2 - (-7 - -1))
5
-9 + -5 + 14 + 10
10
What is (-1 - -2) + -2 + -5 + 1?
-5
-6 + 4 + -1 - (-11 - -18)
-10
(1 - 7) + -7 - -6
-7
Evaluate 3 + 4 - (-1 + 4).
4
Evaluate 1 + -3 - (-42 - -37).
3
Calculate 4 + -14 + 6 + 2.
-2
Calculate 1 + (-1 - 3) + -1 + 1.
-3
What is -4 + -6 + 5 + 0 + 2?
-3
Calculate (-3 - -5) + (-2 - (1 + -6)).
5
-3 + (-4 - 0) + (1 - -1)
-5
Evaluate 0 + (0 - 7) + 10.
3
Evaluate 11 + -17 - (-5 + 0).
-1
What is the value of 54 + -58 - (-2 + 0)?
-2
Evaluate 14 + (-1 + 2 - 9).
6
Evaluate (1 - 4) + 3 + -1.
-1
What is -6 - -26 - 17 - (9 - -1)?
-7
What is (-4 - -6) + 7 + -8?
1
Evaluate (-1 + 0 - (-13 + 5)) + -13.
-6
Evaluate 4 - (4 - -2) - 1.
-3
What is the value of (-2 - -7) + -5 + 0 - -5?
5
Calculate 6 + 0 + -3 + -4.
-1
Evaluate (3 - 8 - -3) + 6.
4
Calculate -13 - -19 - (3 - -1).
2
Evaluate (4 - -3) + -4 + -4.
-1
Calculate 5 + -3 + 13 + -8.
7
Calculate 9 + -10 + 1 + (-2 - -4).
2
Calculate 9 + -2 + -2 - 8 - -6.
3
What is the value of (7 - 2) + (-3 + 0 - -1)?
3
31 - 31 - (5 + 1 + -1)
-5
What is the value of 9 + (-4 - (-9 - -5) - 5)?
4
What is (4 + -4 - (4 + -3)) + 5?
4
Evaluate -8 - (-4 - (-1 + 1)).
-4
What is -3 + -2 - (-32 - -24)?
3
9 - (12 - 13) - 11
-1
Calculate (-7 - -4) + 7 - 12.
-8
What is the value of (0 - 6) + 15 - 5?
4
What is the value of (13 - 1) + 15 + (1 - 19)?
9
1 - (5 + -1 + 0)
-3
Evaluate 11 + -5 + (1 - 5) + 1.
3
7 + 1 + -2 + -3 - 4
-1
-2 + (-6 - -13) + -8
-3
What is the value of 0 + -4 + (3 - 2)?
-3
What is the value of (-3 + 3 - 4) + 3?
-1
What is the value of (-3 - -1) + 2 - (7 - 6)?
-1
What is -3 - ((3 - 6) + 0)?
0
(8 - 10) + (-1 - (-7 - -2))
2
What is (-2 - 1) + 1 - (-5 - -8)?
-5
1 + (-2 - 1) + -2
-4
What is the value of 2 - 3 - 10 - -5?
-6
3 - (1 - (-3 - -6))
5
-1 - (-1 + 3 + -2) - 1
-2
Evaluate 1 - (-3 + 4) - (-25 + 18).
7
3 - (7 + (5 - 6))
-3
0 + 1 - 7 - (-9 - -7)
-4
What is -7 + 2 + (1 - -3) + 6?
5
-1 + -4 + -1 + (13 - 10)
-3
Calculate -4 + 11 + (-1 - 5 - -2).
3
What is 7 + -3 - (2 + 0)?
2
Evaluate -2 - (-4 + -7) - (5 - 0).
4
What is (-2 - -7) + (-2 - (3 + -1))?
1
-24 - -20 - (2 - 0) - -3
-3
What is -3 - (3 + 0 + -3 + 2)?
-5
Calculate -1 - (-3 - -2) - -5.
5
Calculate 14 + (-5 - (1 + 2)).
6
Calculate -4 + 7 + -2 + -4.
-3
Calculate (7 - 5) + (6 - 11).
-3
-15 - -5 - (-21 - -4)
7
What is 12 - (-4 + 7) - 10?
-1
(9 - 11) + -1 + 3
0
Evaluate 6 + (-7 - (-4 - -1)) - 3.
-1
What is the value of 73 + -76 + (3 - (2 + 0))?
-2
0 + -6 + 4 + -1 + -1
-4
Calculate 6 + (8 - 16) + 7.
5
What is 5 + (-10 - -4) + -4?
-5
Calculate 1 - 0 - (-16 - -8 - -8).
1
What is -8 + 7 + (5 - -1)?
5
What is the value of 8 + (-5 - (-8 - -19))?
-8
Evaluate -7 + -1 + -4 + 8.
-4
(-2 - -8) + (-5 - -2)
3
What is (-28 - 5) + 12 + 12?
-9
What is the value of -1 - -4 - ((-1 - -1) + 3)?
0
What is -2 - 1 - (48 + -45)?
-6
Evaluate 2 - (-4 + (-2 - -7)).
1
What is (0 - 0) + (-15 - (3 - 13))?
-5
Evaluate 0 + -4 + 0 + 41 + -29.
8
Calculate (-7 - -5) + (-8 - -12).
2
-10 - -12 - (1 + 2)
-1
What is the value of 0 + 5 + (9 - 6) + 0?
8
Evaluate 5 + (1 - ((-2 - 6) + 5)).
9
What is the value of -1 + 10 - (7 - 1)?
3
What is the value of 5 - (6 + 1 + -1)?
-1
4 + 15 + -13 + -1
5
What is the value of (-1 - -4 - -2) + -1 + -2?
2
Calculate 1 + (2 - 8) - -14 - 5.
4
-8 + (1 - (-4 + (2 - 0)))
-5
Evaluate -3 + 0 + (8 - (11 - 5)).
-1
What is 1 + (2 + -3 - 1) - -1?
0
Calculate (0 - 2) + 26 + -7 + -15.
2
-3 + 0 - (4 + -6 + -6)
5
What is the value of -12 + 7 + 5 + -7?
-7
What is 11 - 11 - (0 - (-3 + -1))?
-4
-8 + (-2 - (2 + -2)) + 8
-2
-9 - -1 - -10 - (4 + 0)
-2
Evaluate 8 - (9 - (12 + -5)).
6
Evaluate (8 - (3 + 1)) + -7.
-3
Calculate 2 + (-1 - (2 - 0)).
-1
What is the value of 9 - (-14 + 19 + 3)?
1
Calculate -5 + (-3 - -3) + 4.
-1
What is the value of -7 + 2 + 23 + -9 + 0?
9
Calculate -1 - -7 - (30 + -26).
2
What is -3 - (3 + -5 + 3)?
-4
Evaluate -1 + -2 + (25 - 22).
0
Calculate 6 + (-3 - -2) + -4.
1
What is the value of (1 - 2) + (-11 - -1) + 18?
7
What is the value of -1 - 5 - (49 - 59)?
4
Evaluate 3 + -1 - (4 - (5 - 5)).
-2
Calculate -5 - (-7 + 3 + -6) - 0.
5
What is 4 + -6 + 0 - -5?
3
Evaluate -50 - -39 - (2 + -9 + -1).
-3
Evaluate -1 - (-1 + 2) - (49 + -49).
-2
-4 + (9 - 2) + 32 + -28
7
Calculate 5 - (-8 - -16 - -2).
-5
Calculate 2 + -1 + (2 + -2 - 2).
-1
Calculate (-3 - (0 - -1)) + (-6 - -5).
-5
Evaluate -16 - -10 - 2 - (-6 + 1).
-3
Evaluate 11 - 2 - (10 - -1).
-2
What is -12 - (-3 + (1 - 8))?
-2
What is 3 + -2 - (7 - 1)?
-5
What is (3 - 2) + 0 - (0 + -3)?
4
What is 8 + -9 + 15 + -24?
-10
What is -6 - (-3 + -1 + (0 - -3))?
-5
What is 4 + 1 + -2 - 7?
-4
6 + 0 + -4 + 1
3
What is the value of 1 - (4 - ((-2 - 0) + 5))?
0
Evaluate -6 + 11 - 3 - (6 - 0).
-4
Evaluate 46 + -45 - (-4 - -3 - -2).
0
-1 - (0 + 1 - (4 + -5))
-3
What is the value of 1 + -3 + -1 + -3 + 2?
-4
Evaluate (-4 - 3) + -2 + 2 + 15.
8
Calculate (12 + -11 - (-2 + 0)) + -3.
0
What is the value of 0 - -4 - 2 - 5?
-3
Calculate (-4 - -2 - -10) + -7.
1
What is the value of (22 - 14) + (-3 - 0)?
5
What is (-45 - -46) + (0 - (-8 + 2))?
7
-3 + 6 - 3 - (-1 + -1)
2
Calculate 1 + 0 + (3 - (3 - 2)).
3
Calculate 0 + -4 + (-7 + 11 - -2).
2
What is (4 + -8 - -4) + (-2 - -3)?
1
7 + (3 + -3 - 8)
-1
Calculate 3 - (2 + -2) - 1.
2
Evaluate -1 - (3 - (4 - 5)).
-5
-1 - (0 + -1 - (1 - 2))
-1
What is 1 - 2 - (2 + -2 + -5)?
4
Calculate 2 - (-2 + 0 + -2).
6
Evaluate 2 + -1 - 2 - -2.
1
-13 + 48 + -51 + (0 - -11)
-5
7 + (-2 - 2) - 0 - 5
-2
What is the value of -9 + 8 - (-4 + 1)?
2
What is the value of 2 + -2 + (-2 - 1)?
-3
Calculate -5 + (-2 - 3 - -8).
-2
Calculate (-1 - 7) + 9 + 0.
1
Evaluate 11 + -1 + (1 - 6) + 2.
7
Evaluate 5 + (3 - (9 + -5)).
4